{"id":160,"date":"2017-12-25T13:56:46","date_gmt":"2017-12-25T13:56:46","guid":{"rendered":"https:\/\/zkotachov.eu\/?page_id=160"},"modified":"2017-12-25T14:37:30","modified_gmt":"2017-12-25T14:37:30","slug":"na-vycvik-psu%cc%8a-k-obrane-%ef%bf%bc","status":"publish","type":"page","link":"https:\/\/zkotachov.eu\/?page_id=160","title":{"rendered":"Na vy\u0301cvik psu\u030a k obrane\u030c \ufffc"},"content":{"rendered":"<p>[et_pb_section bb_built=&#8220;1&#8243; _builder_version=&#8220;3.0.47&#8243;][et_pb_row _builder_version=&#8220;3.0.91&#8243;][et_pb_column type=&#8220;1_3&#8243;][et_pb_image src=&#8220;https:\/\/zkotachov.eu\/wp-content\/uploads\/2017\/12\/bernardyn.png&#8220; _builder_version=&#8220;3.0.91&#8243; \/][\/et_pb_column][et_pb_column type=&#8220;2_3&#8243;][et_pb_text _builder_version=&#8220;3.0.91&#8243;]<\/p>\n<h1><big><big><big>Na vy\u0301cvik psu\u030a k obrane\u030c<\/big><\/big><\/big>\u00a0\ufffc<\/h1>\n<p>&nbsp;<\/p>\n<div>panuje mnoho mylny\u0301ch a zkresleny\u0301ch na\u0301zoru\u030a mezi laickou ver\u030cejnosti\u0301, ale i mezi mnohy\u0301mi pejskar\u030ci. Proto bych chte\u030cl te\u030cmito r\u030ca\u0301dky pr\u030cibli\u0301z\u030cit (alespon\u030c \u010d\u00e1ste\u010dn\u011b) principy, na ktery\u0301ch je vy\u0301cvik zaloz\u030cen a vysve\u030ctlit proc\u030c vlastne\u030c psy \u201ekousat&#8220; uc\u030ci\u0301me. Na jaky\u0301ch principech je vy\u0301cvik obran zaloz\u030cen? Pr\u030ci vy\u0301cviku obran vyuz\u030ci\u0301va\u0301me pr\u030cirozene\u0301 vlastnosti psa, ktere\u0301 je tr\u030ceba vhodny\u0301m zpu\u030asobem rozvi\u0301jet a usme\u030crn\u030covat dle konkre\u0301tni\u0301ho u\u0301c\u030celu vy\u0301cviku (vyuz\u030ci\u0301va\u0301ni\u0301 psa). Pes je s\u030celma, \ufffcktera\u0301 byla c\u030clove\u030ckem domestikova\u0301na a chova\u0301na hlavne\u030c za u\u0301c\u030celem ochrany (hli\u0301da\u0301ni\u0301 obydli\u0301, \ufffcstr\u030cez\u030ceni\u0301 sta\u0301d apod.) a k lovu (lovec\u030cti\u0301 psi ru\u030azny\u0301ch specializaci\u0301).<br \/>\nO roli psa jako spolec\u030cni\u0301ka c\u030ci doma\u0301ci\u0301ho mazli\u0301c\u030cka (dnes zr\u030cejme\u030c pr\u030ceva\u0301z\u030cna\u0301 ve\u030cts\u030cina chovany\u0301ch psu\u030a) v tomto c\u030cla\u0301nku hovor\u030cit nebudu. I kdyz\u030c dobry\u0301 obrana\u0301r\u030c mu\u030az\u030ce by\u0301t za\u0301roven\u030c skve\u030cly\u0301m \ufffcspolec\u030cni\u0301kem a c\u030clenem rodiny. Vrozene\u0301 vlastnosti psa se nazy\u0301vaji\u0301 pudy. Pr\u030ci vy\u0301cviku obran \ufffcvyuz\u030ci\u0301va\u0301me zejme\u0301na pudu OBRANNE\u0301HO a LOVECKE\u0301HO (c\u030ci kor\u030cistnicke\u0301ho).<\/div>\n<p>&nbsp;<\/p>\n<h3><\/h3>\n<h3><big><big>Obrann\u00fd pud<\/big><\/big><\/h3>\n<div>\u00a0\u00a0\u00a0J\ufffcde o pr\u030cirozenou vlastnost psa bra\u0301nit sebe, svoji smec\u030cku a\u00a0sve\u0301ho pa\u0301na pr\u030ced napadeni\u0301m. Pokud pes reaguje na u\u0301tok c\u030ci hrozi\u0301ci\u0301 nebezpec\u030ci\u0301 aktivne\u030c (snaz\u030ci\u0301 se u\u0301toc\u030cni\u0301ka zahnat c\u030ci kousnout) hovor\u030ci\u0301me o tzv. aktivni\u0301 obranne\u0301 reakci. Je- li pes naopak ba\u0301zlivy\u0301 a na u\u0301tok reaguje pasivne\u030c hovor\u030ci\u0301me o tzv. pasivni\u0301 obranne\u0301 reakci (to v z\u030ca\u0301dne\u0301m pr\u030ci\u0301pade\u030c nepotr\u030cebujeme). Asi nikdo nebude pys\u030cny\u0301 na rotvajlera, ktery\u0301 necha\u0301 pr\u030ci vec\u030cerni\u0301m venc\u030ceni\u0301 v parku svoji panic\u030cku zmla\u0301tit okra\u0301st kdejaky\u0301m bezdomovcem. Na druhou stranu ma\u0301lokdo \u201eoceni\u0301&#8220; psa, ktery\u0301 se bezhlave\u030c sa\u0301pe na vs\u030ce co vidi\u0301.<\/div>\n<p>&nbsp;<\/p>\n<h3><\/h3>\n<h3><big><big>Loveck\u00fd pud<\/big><\/big><\/h3>\n<div>\u00a0\u00a0\u00a0Dals\u030ci\u0301 pr\u030cirozenosti\u0301 psa je lov kor\u030cisti. Dr\u030ci\u0301ve byl lov pro psa nutnosti\u0301 (mysli\u0301m ti\u0301m volne\u030c z\u030ciji\u0301ci\u0301 s\u030celmu, ktera\u0301 neni\u0301 krmena c\u030clove\u030ckem). O vyuz\u030citi\u0301 tohoto pudu v myslivosti, coursingu, dostizi\u0301ch atd. psa\u0301t v tomto c\u030cla\u0301nku nebudu. Pr\u030ci obrana\u0301ch (zvla\u0301s\u030cte\u030c sportovni\u0301ch) je rozvi\u0301jeni\u0301 lovecke\u0301 va\u0301s\u030cnivosti \u2013 kor\u030cistnicke\u0301ho pudu za\u0301kladni\u0301m kamenem ! Vy\u0301cvikem zaloz\u030ceny\u0301m na lovu kor\u030cisti (hadr, pes\u030cek, ochranny\u0301 ruka\u0301v) je moz\u030cne\u0301 dosa\u0301hnout vynikaji\u0301ci\u0301ch vy\u0301sledku\u030a (nejen u sportovni\u0301ch obran) i bez rozvi\u0301jeni\u0301 tzv. zloby na c\u030clove\u030cka. Na obrana\u0301ch mu\u030az\u030cete spatr\u030cit kvalitne\u030c pr\u030cipravene\u0301 border kolie c\u030ci labradory (tito psi opravdu nemaji\u0301 pr\u030cedpoklady pro zlobu). Pr\u030ci tomto pojeti\u0301 obrany neni\u0301 figurant pro psa nepr\u030ci\u0301telem, ale partnerem pr\u030ci bezvadne\u0301 hr\u030ce ! Tato hra bude mi\u0301t pozde\u030cji \u201epravidla\u201c, ale odme\u030cnou za jejich dodrz\u030ceni\u0301 je za\u0301kus do ruka\u0301vu a \u201evybojova\u0301ni\u0301\u201c kor\u030cisti. Ve\u030cr\u030cte, z\u030ce spousta psu\u030a da\u0301 te\u0301to hr\u030ce pr\u030cednost pr\u030ced von\u030cavou miskou plnou dobrot.<\/div>\n<p>&nbsp;<\/p>\n<h3><big><big>HLAVN\u00cd D\u016eVODY N\u00c1CVIKU OBRANY<\/big><\/big><\/h3>\n<ul>\n<li>Pr\u030ci\u0301prava psu\u030a ke zkous\u030cka\u0301m nebo bonitaci. U\u0301spe\u030cs\u030cne\u0301 sloz\u030ceni\u0301 vs\u030cestranne\u0301 zkous\u030cky (napr\u030c. ZVV1, IPO1, SchH1) je jednou z podmi\u0301nek zar\u030cazeni\u0301 do chovu u pracovni\u0301ch plemen (NO, BO, RTW, atd.).<\/li>\n<li>Pr\u030ci\u0301prava psu\u030a na za\u0301vody dle jednotlivy\u0301ch zkus\u030cebni\u0301ch r\u030ca\u0301du\u030a.<\/li>\n<li>Pr\u030ci\u0301prava psu\u030a pro vyuz\u030citi\u0301 u ozbrojeny\u0301ch sloz\u030cek (arma\u0301da, policie, atd.), ale i k ochrane\u030c majetku, zdravi\u0301 a z\u030civota v civilni\u0301m sektoru.<\/li>\n<li>Sportovni\u0301 vybiti\u0301 pro psy i pa\u0301ni\u0301c\u030cky (jen pro radost obou).<\/li>\n<li>Na\u0301prava nespra\u0301vne\u0301ho chova\u0301ni\u0301 psu\u030a (psi ba\u0301zlivi\u0301, ale i bezdu\u030avodne\u030c agresivni\u0301).<\/li>\n<\/ul>\n<p>&nbsp;<\/p>\n<h3><big><big>JAK MA\u0301 OBRANA NA ZKOUS\u030cCE C\u030cI ZA\u0301VODU VYPADAT?<\/big><\/big><\/h3>\n<div>Seznamovat Va\u0301s s na\u0301plni\u0301 zkus\u030cebni\u0301ch r\u030ca\u0301du\u030a a rozva\u0301de\u030ct jednotlive\u0301 zkous\u030cky neni\u0301 u\u0301c\u030celem tohoto pr\u030ci\u0301spe\u030cvku, ale pro snazs\u030ci\u0301 pochopeni\u0301 \u201edovednosti\u0301 psa\u201c potr\u030cebny\u0301ch ke sloz\u030ceni\u0301 vs\u030cestranne\u0301 zkous\u030cky uvedu pro na\u0301zornost cviky obrany zkous\u030cky ZVV1 (dle NZR\u030c). Nebudu citovat Na\u0301rodni\u0301 zkus\u030cebni\u0301 r\u030ca\u0301d, spi\u0301s\u030ce se pokusi\u0301m jednodus\u030ce vysve\u030ctlit provedeni\u0301 cviku\u030a a jejich u\u0301c\u030cel.<\/div>\n<h4><\/h4>\n<h4><big>1. Pru\u030azkum tere\u0301nu \u2013 revi\u0301r<\/big><\/h4>\n<div>\u00a0\u00a0\u00a0U\u0301c\u030celem cviku je nalezeni\u0301 osoby ukryte\u0301 v urc\u030cite\u0301m prostoru (za ume\u030clou za\u0301ste\u030cnou na cvic\u030cis\u030cti nebo v pr\u030ci\u0301rodni\u0301m tere\u0301nu). Psovod vysi\u0301la\u0301 psa do urc\u030cene\u0301ho sme\u030cru uka\u0301za\u0301ni\u0301m rukou a u\u0301stni\u0301m povelem REVI\u0301R. Pes ma\u0301 za u\u0301kol do urc\u030cene\u0301ho sme\u030cru vybe\u030chnout a prove\u030cr\u030cit moz\u030cny\u0301 u\u0301kryt (za\u0301ste\u030cnu). Pokud pes v u\u0301krytu nenalezne figuranta je psovodem pr\u030civola\u0301n (psovod se pohybuje po vyty\u0301c\u030cene\u0301 ose postupu norma\u0301lni\u0301m krokem) povelem KE MNE\u030c nebo ZPE\u030cT. Pes u\u0301kryt obe\u030chne a pr\u030cibi\u0301ha\u0301 k psovodovi na osu postupu. Psovod psa jes\u030cte\u030c za pohybu povelem REVI\u0301R a uka\u0301za\u0301ni\u0301m ruky vysi\u0301la\u0301 do opac\u030cne\u0301ho sme\u030cru k prove\u030cr\u030ceni\u0301 dals\u030ci\u0301ho u\u0301krytu. Toto se opakuje az\u030c do okamz\u030ciku kdy pes nalezne figuranta (na zkous\u030cce ZVV1 je figurant za c\u030ctvrtou za\u0301ste\u030cnou). To znamena\u0301, z\u030ce pes obe\u030chne tr\u030ci u\u0301kryty a ve c\u030ctvrte\u0301m nalezne ukryte\u0301ho figuranta.<\/div>\n<h4><\/h4>\n<h4><big>2. Vys\u030cte\u030cka\u0301ni\u0301 \u2013 oznac\u030ceni\u0301 ukryte\u0301 osoby<\/big><\/h4>\n<div>\u00a0\u00a0\u00a0Jakmile pes figuranta nalezne, ma\u0301 za u\u0301kol u ne\u030cho setrvat a s\u030cte\u030cka\u0301ni\u0301m upozornit psovoda na\u00a0ukrytou osobu. V te\u0301 dobe\u030c psovod zu\u030asta\u0301va\u0301 sta\u0301t na ose postupu, po ktere\u0301 se pohyboval pr\u030ci vysi\u0301la\u0301ni\u0301 psa k pru\u030azkumu a vyc\u030cka\u0301 na pokyn rozhodc\u030ci\u0301ho (po tomto pohybu jde ke psu). Pr\u030ci vys\u030cte\u030cka\u0301ni\u0301 nesmi\u0301 pes figuranta, ktery\u0301 nehybne\u030c stoji\u0301 v u\u0301krytu, napadnout!<\/div>\n<h4><\/h4>\n<h4><big>3. Prohli\u0301dka pomocni\u0301ka<\/big><\/h4>\n<div>\u00a0\u00a0\u00a0Po vys\u030cte\u030cka\u0301ni\u0301 pr\u030cistoupi\u0301 psovod ke psu (na pokyn rozhodc\u030ci\u0301ho) a usme\u030crni\u0301 jej k noze. Pote\u0301 vyzve figuranta, aby vystoupil z u\u0301krytu, postavil se na urc\u030cene\u0301 mi\u0301sto c\u030celem k psovodovi a zvedl ruce nad hlavu. Psovod poloz\u030ci\u0301 psa a necha\u0301 jej str\u030cez\u030cit nehybne\u030c stoji\u0301ci\u0301ho pomocni\u0301ka povelem HLI\u0301DEJ, sa\u0301m pr\u030cistoupi\u0301 k figurantovi ze zadu a provede jeho prohli\u0301dku (pohmatem se pr\u030cesve\u030cdc\u030ci\u0301 zda u sebe nema\u0301 zbran\u030c). Pes musi\u0301 pozorne\u030c sledovat figuranta, ale nesmi\u0301 jej napadnout. Po provedeni\u0301 prohli\u0301dky pr\u030cistoupi\u0301 psovod ke psu a posadi\u0301 jej k leve\u0301 noze (povel SEDNI nebo K NOZE).<\/div>\n<h4><\/h4>\n<h4><big>4. Vy\u0301slech pomocni\u0301ka<\/big><\/h4>\n<div>\u00a0\u00a0\u00a0Psovod se psem u nohy (mu\u030az\u030ce jej pr\u030cidrz\u030covat za obojek) vede s figurantem rozhovor (vy\u0301slech), ktery\u0301 se zme\u030cni\u0301 v ha\u0301dku. Tato ha\u0301dka vyvrcholi\u0301 napadeni\u0301m psovoda.<\/div>\n<h4><\/h4>\n<h4><big>5. Ochrana psovoda<\/big><\/h4>\n<div>\u00a0\u00a0\u00a0V okamz\u030ciku, kdy figurant zau\u0301toc\u030ci\u0301, vypous\u030cti\u0301 psovod psa k provedeni\u0301 za\u0301kroku s povelem DRZ\u030c. Pes musi\u0301 u\u0301toku zabra\u0301nit za\u0301kusem do ochranne\u0301ho ruka\u0301vu (pouze do ruka\u0301vu!). Pote\u0301 figurant se psem \u201ebojuje\u201c az\u030c do pokynu rozhodc\u030ci\u0301ho. Na pokyn rozhodc\u030ci\u0301ho pr\u030cestane figurant kla\u0301st odpor a zu\u030astane klidne\u030c sta\u0301t. Pes musi\u0301 figuranta (klidne\u030c stoji\u0301ci\u0301ho) sa\u0301m nebo na povel psovoda (PUST\u030c) pustit. Psovod usme\u030crni\u0301 psa k noze, pr\u030cipne jej na vodi\u0301tko a odcha\u0301zi\u0301 na mi\u0301sto urc\u030cene\u0301 rozhodc\u030ci\u0301m.<\/div>\n<h4>\ufffc<\/h4>\n<h4><big>6. Zadrz\u030ceni\u0301 prchaji\u0301ci\u0301 osoby \u2013 hladke\u0301<\/big><\/h4>\n<div>\u00a0\u00a0\u00a0\ufffcPsovod se psem, ktere\u0301ho pr\u030cidrz\u030cuje za obojek je vzda\u0301len 50 metru\u030a od figuranta, ktery\u0301 se da\u0301 na u\u0301te\u030ck. Psovod vyzve pomocni\u0301ka k zastaveni\u0301 (STU\u030aJ!) a pote\u0301 vysi\u0301la\u0301 psa k zadrz\u030ceni\u0301 povelem DRZ\u030c. Pes musi\u0301 figuranta dostihnout a zabra\u0301nit mu v u\u0301te\u030cku za\u0301kusem do ochranne\u0301ho ruka\u0301vu. Psovod vybi\u0301ha\u0301 okamz\u030cite\u030c za psem. Po za\u0301kusu figurant se psem bojuje, na\u0301sledne\u030c se zastavi\u0301 a pr\u030cestane kla\u0301st odpor. Pes musi\u0301 samostatne\u030c nebo na povel psovoda pustit a vyc\u030ckat do pr\u030ci\u0301chodu psovoda.<\/div>\n<h4><\/h4>\n<h4><big>7. Odolnost psa<\/big><\/h4>\n<div>\u00a0\u00a0\u00a0Odolnost psa se pr\u030cezkus\u030cuje na vzda\u0301lenost 10 kroku\u030a tak, z\u030ce figurant vydra\u0301z\u030cdi\u0301 psa, ktere\u0301ho pote\u0301 vypusti\u0301 k zadrz\u030ceni\u0301. Po za\u0301kusu prove\u030cr\u030ci\u0301 figurant odolnost psa dve\u030cma lehky\u0301mi u\u0301dery na me\u0301ne\u030c citliva\u0301 mi\u0301sta (pouz\u030ci\u0301va\u0301 pr\u030ci tom me\u030ckky\u0301 obus\u030cek \u2013 psa nezran\u030cuje). Na pokyn rozhodc\u030ci\u0301ho psovod odvola\u0301 psa, pr\u030cipne jej na vodi\u0301tko a hla\u0301si\u0301 rozhodc\u030ci\u0301mu ukonc\u030ceni\u0301 obrany.<\/div>\n<p>[\/et_pb_text][\/et_pb_column][\/et_pb_row][\/et_pb_section]<\/p>\n","protected":false},"excerpt":{"rendered":"<p>[et_pb_section bb_built=&#8220;1&#8243; _builder_version=&#8220;3.0.47&#8243;][et_pb_row _builder_version=&#8220;3.0.91&#8243;][et_pb_column type=&#8220;1_3&#8243;][et_pb_image src=&#8220;https:\/\/zkotachov.eu\/wp-content\/uploads\/2017\/12\/bernardyn.png&#8220; _builder_version=&#8220;3.0.91&#8243; \/][\/et_pb_column][et_pb_column type=&#8220;2_3&#8243;][et_pb_text _builder_version=&#8220;3.0.91&#8243;] Na vy\u0301cvik psu\u030a k obrane\u030c\u00a0\ufffc &nbsp; panuje mnoho mylny\u0301ch a zkresleny\u0301ch na\u0301zoru\u030a mezi laickou ver\u030cejnosti\u0301, ale i mezi mnohy\u0301mi pejskar\u030ci. [&hellip;]<\/p>\n","protected":false},"author":1,"featured_media":0,"parent":0,"menu_order":0,"comment_status":"closed","ping_status":"closed","template":"","meta":{"footnotes":""},"_links":{"self":[{"href":"https:\/\/zkotachov.eu\/index.php?rest_route=\/wp\/v2\/pages\/160"}],"collection":[{"href":"https:\/\/zkotachov.eu\/index.php?rest_route=\/wp\/v2\/pages"}],"about":[{"href":"https:\/\/zkotachov.eu\/index.php?rest_route=\/wp\/v2\/types\/page"}],"author":[{"embeddable":true,"href":"https:\/\/zkotachov.eu\/index.php?rest_route=\/wp\/v2\/users\/1"}],"replies":[{"embeddable":true,"href":"https:\/\/zkotachov.eu\/index.php?rest_route=%2Fwp%2Fv2%2Fcomments&post=160"}],"version-history":[{"count":10,"href":"https:\/\/zkotachov.eu\/index.php?rest_route=\/wp\/v2\/pages\/160\/revisions"}],"predecessor-version":[{"id":185,"href":"https:\/\/zkotachov.eu\/index.php?rest_route=\/wp\/v2\/pages\/160\/revisions\/185"}],"wp:attachment":[{"href":"https:\/\/zkotachov.eu\/index.php?rest_route=%2Fwp%2Fv2%2Fmedia&parent=160"}],"curies":[{"name":"wp","href":"https:\/\/api.w.org\/{rel}","templated":true}]}}